{"id":579,"date":"2022-02-10T21:58:24","date_gmt":"2022-02-10T21:58:24","guid":{"rendered":"https:\/\/www.herramientastoriano.com.ar\/web\/?page_id=579"},"modified":"2022-06-14T14:13:09","modified_gmt":"2022-06-14T14:13:09","slug":"torno-para-rectificacion-de-valvulas","status":"publish","type":"page","link":"https:\/\/www.herramientastoriano.com.ar\/web\/herramientas-para-rectificacion\/torno-para-rectificacion-de-valvulas\/","title":{"rendered":"Torno para Rectificaci\u00f3n de V\u00e1lvulas"},"content":{"rendered":"<p>[et_pb_section fb_built=\u00bb1&#8243; admin_label=\u00bbHeather\u00bb _builder_version=\u00bb4.16&#8243; _module_preset=\u00bbdefault\u00bb background_color=\u00bb#B3B3B3&#8243; background_enable_image=\u00bboff\u00bb custom_margin=\u00bb0px||0px||false|false\u00bb custom_padding=\u00bb0px||0px||false|false\u00bb da_disable_devices=\u00bboff|off|off\u00bb collapsed=\u00bboff\u00bb global_colors_info=\u00bb{}\u00bb da_is_popup=\u00bboff\u00bb da_exit_intent=\u00bboff\u00bb da_has_close=\u00bbon\u00bb da_alt_close=\u00bboff\u00bb da_dark_close=\u00bboff\u00bb da_not_modal=\u00bbon\u00bb da_is_singular=\u00bboff\u00bb da_with_loader=\u00bboff\u00bb da_has_shadow=\u00bbon\u00bb][et_pb_row _builder_version=\u00bb4.16&#8243; _module_preset=\u00bbdefault\u00bb custom_margin=\u00bb||||false|false\u00bb custom_padding=\u00bb||||false|false\u00bb collapsed=\u00bboff\u00bb global_colors_info=\u00bb{}\u00bb][et_pb_column type=\u00bb4_4&#8243; _builder_version=\u00bb4.16&#8243; _module_preset=\u00bbdefault\u00bb global_colors_info=\u00bb{}\u00bb][et_pb_text _builder_version=\u00bb4.16&#8243; _module_preset=\u00bbdefault\u00bb text_font=\u00bb|700||on|||||\u00bb text_text_color=\u00bb#FFFFFF\u00bb global_colors_info=\u00bb{}\u00bb]<\/p>\n<h1 style=\"text-align: left;\"><strong>Torno para Rectificaci\u00f3n de V\u00e1lvulas Neway<\/strong><\/h1>\n<p>[\/et_pb_text][\/et_pb_column][\/et_pb_row][\/et_pb_section][et_pb_section fb_built=\u00bb1&#8243; _builder_version=\u00bb4.16&#8243; _module_preset=\u00bbdefault\u00bb custom_margin=\u00bb0px||50px||false|false\u00bb da_disable_devices=\u00bboff|off|off\u00bb global_colors_info=\u00bb{}\u00bb da_is_popup=\u00bboff\u00bb da_exit_intent=\u00bboff\u00bb da_has_close=\u00bbon\u00bb da_alt_close=\u00bboff\u00bb da_dark_close=\u00bboff\u00bb da_not_modal=\u00bbon\u00bb da_is_singular=\u00bboff\u00bb da_with_loader=\u00bboff\u00bb da_has_shadow=\u00bbon\u00bb][et_pb_row disabled_on=\u00bboff|off|off\u00bb _builder_version=\u00bb4.16&#8243; _module_preset=\u00bbdefault\u00bb collapsed=\u00bboff\u00bb global_colors_info=\u00bb{}\u00bb][et_pb_column type=\u00bb4_4&#8243; _builder_version=\u00bb4.16&#8243; _module_preset=\u00bbdefault\u00bb global_colors_info=\u00bb{}\u00bb][et_pb_text _builder_version=\u00bb4.16&#8243; _module_preset=\u00bbdefault\u00bb global_colors_info=\u00bb{}\u00bb]<\/p>\n<h4><span style=\"color: #000000;\">El Torno para reacondicionar v\u00e1lvulas VFR\u20131000 de NEWAY (USA) es una m\u00e1quina que le permite realizar un trabajo de precisi\u00f3n, con \u00e1ngulos exactos, prefecta concentricidad, menor tiempo y un acabado superficial acorde a las normas exigidas por los fabricantes de motores. La VFR\u20131000 reacondiciona las v\u00e1lvulas utilizando insertos de carburo de tungsteno, reemplazando el viejo sistema con piedras de esmeril. Su sistema de boquilla de la mejor tecnolog\u00eda permite una concentricidad perfecta (0,005 mm) en la primera toma de la v\u00e1lvula. Velocidad variable de 0 a 1300 rpm, rango de trabajo con boquillas de 4 mm hasta 13 mm de v\u00e1stago y 12 mm a 63 mm de cabeza de v\u00e1lvula. Peso total: 28 kgs. Energ\u00eda: 220 v.<\/span><\/h4>\n<p>[\/et_pb_text][\/et_pb_column][\/et_pb_row][et_pb_row column_structure=\u00bb1_3,1_3,1_3&#8243; _builder_version=\u00bb4.16&#8243; _module_preset=\u00bbdefault\u00bb collapsed=\u00bboff\u00bb global_colors_info=\u00bb{}\u00bb][et_pb_column type=\u00bb1_3&#8243; _builder_version=\u00bb4.16&#8243; _module_preset=\u00bbdefault\u00bb global_colors_info=\u00bb{}\u00bb][et_pb_text _builder_version=\u00bb4.16&#8243; _module_preset=\u00bbdefault\u00bb background_color=\u00bb#0d6805&#8243; custom_padding=\u00bb5px||5px|15px|false|false\u00bb global_colors_info=\u00bb{}\u00bb]<\/p>\n<h3><span style=\"color: #ffffff;\"><strong>TORNO NEWAY<br \/>\nVFR\u20131000<\/strong><\/span><\/h3>\n<p>[\/et_pb_text][et_pb_image src=\u00bbhttps:\/\/www.herramientastoriano.com.ar\/web\/wp-content\/uploads\/2022\/02\/Torno-Neway_VFR-1000.jpg\u00bb show_in_lightbox=\u00bbon\u00bb _builder_version=\u00bb4.16&#8243; _module_preset=\u00bbdefault\u00bb global_colors_info=\u00bb{}\u00bb][\/et_pb_image][et_pb_text _builder_version=\u00bb4.17.3&#8243; _module_preset=\u00bbdefault\u00bb custom_margin=\u00bb0px||0px||false|false\u00bb custom_padding=\u00bb0px||0px||false|false\u00bb global_colors_info=\u00bb{}\u00bb]<\/p>\n<h4><span style=\"color: #0d6805;\"><strong>ESPECIFICACIONES:<\/strong><\/span><\/h4>\n<p><span style=\"color: #000000;\">El equipo Standard contiene las siguientes boquillas: 6 \u2013 6,5 \u2013 7 \u2013 8 \u2013 8,5 \u2013 9 \u2013 9,5 \u2013 10 &#8211; 10,5 \u2013 11 mm.<\/span><\/p>\n<p><strong>RECTIFICADORA<\/strong><\/p>\n<p>[\/et_pb_text][et_pb_image src=\u00bbhttps:\/\/www.herramientastoriano.com.ar\/web\/wp-content\/uploads\/2022\/06\/Rectificadora.jpg\u00bb show_in_lightbox=\u00bbon\u00bb _builder_version=\u00bb4.17.3&#8243; _module_preset=\u00bbdefault\u00bb custom_margin=\u00bb||||false|false\u00bb hover_enabled=\u00bb0&#8243; global_colors_info=\u00bb{}\u00bb sticky_enabled=\u00bb0&#8243;][\/et_pb_image][\/et_pb_column][et_pb_column type=\u00bb1_3&#8243; _builder_version=\u00bb4.16&#8243; _module_preset=\u00bbdefault\u00bb global_colors_info=\u00bb{}\u00bb][et_pb_text _builder_version=\u00bb4.16&#8243; _module_preset=\u00bbdefault\u00bb background_color=\u00bb#0d6805&#8243; custom_padding=\u00bb5px||5px|15px|false|false\u00bb global_colors_info=\u00bb{}\u00bb]<\/p>\n<h3><span style=\"color: #ffffff;\"><strong>INSERTOS PARA TORNO VFR-1000<\/strong><\/span><\/h3>\n<p>[\/et_pb_text][et_pb_image src=\u00bbhttps:\/\/www.herramientastoriano.com.ar\/web\/wp-content\/uploads\/2022\/02\/Insertos.jpg\u00bb title_text=\u00bbJDS02&#8243; show_in_lightbox=\u00bbon\u00bb _builder_version=\u00bb4.16&#8243; _module_preset=\u00bbdefault\u00bb global_colors_info=\u00bb{}\u00bb][\/et_pb_image][et_pb_text _builder_version=\u00bb4.17.3&#8243; _module_preset=\u00bbdefault\u00bb custom_margin=\u00bb0px||0px||false|false\u00bb custom_padding=\u00bb0px||0px||false|false\u00bb global_colors_info=\u00bb{}\u00bb]<\/p>\n<h4><span style=\"color: #0d6805;\"><strong>ESPECIFICACIONES:<\/strong><\/span><\/h4>\n<p><span style=\"color: #000000;\">Los insertos de carburo de tungsteno NEWAY est\u00e1n especialmente dise\u00f1ados para lograr una correcta terminaci\u00f3n en el torneado de la cabeza de la v\u00e1lvula. Existen tres modelos seg\u00fan la dureza del material a rectificar.<\/span><\/p>\n<p><strong>TABLA INSERTOS TORNO<\/strong><\/p>\n<p>[\/et_pb_text][et_pb_image src=\u00bbhttps:\/\/www.herramientastoriano.com.ar\/web\/wp-content\/uploads\/2022\/06\/Tabla_Insertos_Torno.jpg\u00bb title_text=\u00bbTabla_Insertos_Torno\u00bb show_in_lightbox=\u00bbon\u00bb _builder_version=\u00bb4.17.3&#8243; _module_preset=\u00bbdefault\u00bb custom_margin=\u00bb||||false|false\u00bb hover_enabled=\u00bb0&#8243; global_colors_info=\u00bb{}\u00bb sticky_enabled=\u00bb0&#8243;][\/et_pb_image][\/et_pb_column][et_pb_column type=\u00bb1_3&#8243; _builder_version=\u00bb4.16&#8243; _module_preset=\u00bbdefault\u00bb global_colors_info=\u00bb{}\u00bb][et_pb_text _builder_version=\u00bb4.16&#8243; _module_preset=\u00bbdefault\u00bb background_color=\u00bb#0d6805&#8243; custom_padding=\u00bb5px||5px|15px|false|false\u00bb global_colors_info=\u00bb{}\u00bb]<\/p>\n<h3><span style=\"color: #ffffff;\"><strong>BOQUILLAS PARA TORNO VFR-1000<\/strong><\/span><\/h3>\n<p>[\/et_pb_text][et_pb_image src=\u00bbhttps:\/\/www.herramientastoriano.com.ar\/web\/wp-content\/uploads\/2022\/02\/Boquillas.jpg\u00bb title_text=\u00bbJDS02&#8243; show_in_lightbox=\u00bbon\u00bb _builder_version=\u00bb4.16&#8243; _module_preset=\u00bbdefault\u00bb global_colors_info=\u00bb{}\u00bb][\/et_pb_image][et_pb_text _builder_version=\u00bb4.17.3&#8243; _module_preset=\u00bbdefault\u00bb global_colors_info=\u00bb{}\u00bb]<\/p>\n<h4><span style=\"color: #0d6805;\"><strong>ESPECIFICACIONES:<\/strong><\/span><\/h4>\n<p><span style=\"color: #000000;\">Las boquillas para el VFR \u2013 1000 de NEWAY permiten una excelente toma de la v\u00e1lvula logrando la concentricidad necesaria. Las mismas poseen un di\u00e1metro de toma que va desde los 4 mm hasta 12, 7 mm.<\/span><\/p>\n<h4><a href=\"https:\/\/www.herramientastoriano.com.ar\/web\/wp-content\/uploads\/2022\/03\/Herramientas-Toriano_Tabla-08.pdf\"><strong>VER TABLA EN PDF<\/strong><\/a><\/h4>\n<p><span style=\"color: #000000;\">\u00a0<\/span><\/p>\n<p><span style=\"color: #000000;\">\u00a0<\/span><\/p>\n<p><span style=\"color: #0d6805;\"><strong>\u00a0<\/strong><\/span><\/p>\n<p>[\/et_pb_text][\/et_pb_column][\/et_pb_row][\/et_pb_section]<\/p>\n","protected":false},"excerpt":{"rendered":"<p>Torno para Rectificaci\u00f3n de V\u00e1lvulas NewayEl Torno para reacondicionar v\u00e1lvulas VFR\u20131000 de NEWAY (USA) es una m\u00e1quina que le permite realizar un trabajo de precisi\u00f3n, con \u00e1ngulos exactos, prefecta concentricidad, menor tiempo y un acabado superficial acorde a las normas exigidas por los fabricantes de motores. La VFR\u20131000 reacondiciona las v\u00e1lvulas utilizando insertos de carburo [&hellip;]<\/p>\n","protected":false},"author":1,"featured_media":0,"parent":164,"menu_order":0,"comment_status":"closed","ping_status":"closed","template":"","meta":{"_et_pb_use_builder":"on","_et_pb_old_content":"","_et_gb_content_width":"","_joinchat":[],"footnotes":""},"class_list":["post-579","page","type-page","status-publish","hentry"],"yoast_head":"<!-- This site is optimized with the Yoast SEO plugin v20.5 - https:\/\/yoast.com\/wordpress\/plugins\/seo\/ -->\n<title>Torno para Rectificaci\u00f3n de V\u00e1lvulas - Herramientas Toriano<\/title>\n<meta name=\"robots\" content=\"index, follow, max-snippet:-1, max-image-preview:large, max-video-preview:-1\" \/>\n<link rel=\"canonical\" href=\"https:\/\/www.herramientastoriano.com.ar\/web\/herramientas-para-rectificacion\/torno-para-rectificacion-de-valvulas\/\" \/>\n<meta property=\"og:locale\" content=\"es_ES\" \/>\n<meta property=\"og:type\" content=\"article\" \/>\n<meta property=\"og:title\" content=\"Torno para Rectificaci\u00f3n de V\u00e1lvulas - Herramientas Toriano\" \/>\n<meta property=\"og:description\" content=\"Torno para Rectificaci\u00f3n de V\u00e1lvulas NewayEl Torno para reacondicionar v\u00e1lvulas VFR\u20131000 de NEWAY (USA) es una m\u00e1quina que le permite realizar un trabajo de precisi\u00f3n, con \u00e1ngulos exactos, prefecta concentricidad, menor tiempo y un acabado superficial acorde a las normas exigidas por los fabricantes de motores. La VFR\u20131000 reacondiciona las v\u00e1lvulas utilizando insertos de carburo [&hellip;]\" \/>\n<meta property=\"og:url\" content=\"https:\/\/www.herramientastoriano.com.ar\/web\/herramientas-para-rectificacion\/torno-para-rectificacion-de-valvulas\/\" \/>\n<meta property=\"og:site_name\" content=\"Herramientas Toriano\" \/>\n<meta property=\"article:modified_time\" content=\"2022-06-14T14:13:09+00:00\" \/>\n<meta name=\"twitter:card\" content=\"summary_large_image\" \/>\n<meta name=\"twitter:label1\" content=\"Tiempo de lectura\" \/>\n\t<meta name=\"twitter:data1\" content=\"4 minutos\" \/>\n<script type=\"application\/ld+json\" class=\"yoast-schema-graph\">{\"@context\":\"https:\/\/schema.org\",\"@graph\":[{\"@type\":\"WebPage\",\"@id\":\"https:\/\/www.herramientastoriano.com.ar\/web\/herramientas-para-rectificacion\/torno-para-rectificacion-de-valvulas\/\",\"url\":\"https:\/\/www.herramientastoriano.com.ar\/web\/herramientas-para-rectificacion\/torno-para-rectificacion-de-valvulas\/\",\"name\":\"Torno para Rectificaci\u00f3n de V\u00e1lvulas - Herramientas Toriano\",\"isPartOf\":{\"@id\":\"https:\/\/www.herramientastoriano.com.ar\/web\/#website\"},\"datePublished\":\"2022-02-10T21:58:24+00:00\",\"dateModified\":\"2022-06-14T14:13:09+00:00\",\"breadcrumb\":{\"@id\":\"https:\/\/www.herramientastoriano.com.ar\/web\/herramientas-para-rectificacion\/torno-para-rectificacion-de-valvulas\/#breadcrumb\"},\"inLanguage\":\"es\",\"potentialAction\":[{\"@type\":\"ReadAction\",\"target\":[\"https:\/\/www.herramientastoriano.com.ar\/web\/herramientas-para-rectificacion\/torno-para-rectificacion-de-valvulas\/\"]}]},{\"@type\":\"BreadcrumbList\",\"@id\":\"https:\/\/www.herramientastoriano.com.ar\/web\/herramientas-para-rectificacion\/torno-para-rectificacion-de-valvulas\/#breadcrumb\",\"itemListElement\":[{\"@type\":\"ListItem\",\"position\":1,\"name\":\"Portada\",\"item\":\"https:\/\/www.herramientastoriano.com.ar\/web\/\"},{\"@type\":\"ListItem\",\"position\":2,\"name\":\"Herramientas para Rectificaci\u00f3n\",\"item\":\"https:\/\/www.herramientastoriano.com.ar\/web\/herramientas-para-rectificacion\/\"},{\"@type\":\"ListItem\",\"position\":3,\"name\":\"Torno para Rectificaci\u00f3n de V\u00e1lvulas\"}]},{\"@type\":\"WebSite\",\"@id\":\"https:\/\/www.herramientastoriano.com.ar\/web\/#website\",\"url\":\"https:\/\/www.herramientastoriano.com.ar\/web\/\",\"name\":\"Herramientas Toriano\",\"description\":\"\",\"potentialAction\":[{\"@type\":\"SearchAction\",\"target\":{\"@type\":\"EntryPoint\",\"urlTemplate\":\"https:\/\/www.herramientastoriano.com.ar\/web\/?s={search_term_string}\"},\"query-input\":\"required name=search_term_string\"}],\"inLanguage\":\"es\"}]}<\/script>\n<!-- \/ Yoast SEO plugin. -->","yoast_head_json":{"title":"Torno para Rectificaci\u00f3n de V\u00e1lvulas - Herramientas Toriano","robots":{"index":"index","follow":"follow","max-snippet":"max-snippet:-1","max-image-preview":"max-image-preview:large","max-video-preview":"max-video-preview:-1"},"canonical":"https:\/\/www.herramientastoriano.com.ar\/web\/herramientas-para-rectificacion\/torno-para-rectificacion-de-valvulas\/","og_locale":"es_ES","og_type":"article","og_title":"Torno para Rectificaci\u00f3n de V\u00e1lvulas - Herramientas Toriano","og_description":"Torno para Rectificaci\u00f3n de V\u00e1lvulas NewayEl Torno para reacondicionar v\u00e1lvulas VFR\u20131000 de NEWAY (USA) es una m\u00e1quina que le permite realizar un trabajo de precisi\u00f3n, con \u00e1ngulos exactos, prefecta concentricidad, menor tiempo y un acabado superficial acorde a las normas exigidas por los fabricantes de motores. La VFR\u20131000 reacondiciona las v\u00e1lvulas utilizando insertos de carburo [&hellip;]","og_url":"https:\/\/www.herramientastoriano.com.ar\/web\/herramientas-para-rectificacion\/torno-para-rectificacion-de-valvulas\/","og_site_name":"Herramientas Toriano","article_modified_time":"2022-06-14T14:13:09+00:00","twitter_card":"summary_large_image","twitter_misc":{"Tiempo de lectura":"4 minutos"},"schema":{"@context":"https:\/\/schema.org","@graph":[{"@type":"WebPage","@id":"https:\/\/www.herramientastoriano.com.ar\/web\/herramientas-para-rectificacion\/torno-para-rectificacion-de-valvulas\/","url":"https:\/\/www.herramientastoriano.com.ar\/web\/herramientas-para-rectificacion\/torno-para-rectificacion-de-valvulas\/","name":"Torno para Rectificaci\u00f3n de V\u00e1lvulas - Herramientas Toriano","isPartOf":{"@id":"https:\/\/www.herramientastoriano.com.ar\/web\/#website"},"datePublished":"2022-02-10T21:58:24+00:00","dateModified":"2022-06-14T14:13:09+00:00","breadcrumb":{"@id":"https:\/\/www.herramientastoriano.com.ar\/web\/herramientas-para-rectificacion\/torno-para-rectificacion-de-valvulas\/#breadcrumb"},"inLanguage":"es","potentialAction":[{"@type":"ReadAction","target":["https:\/\/www.herramientastoriano.com.ar\/web\/herramientas-para-rectificacion\/torno-para-rectificacion-de-valvulas\/"]}]},{"@type":"BreadcrumbList","@id":"https:\/\/www.herramientastoriano.com.ar\/web\/herramientas-para-rectificacion\/torno-para-rectificacion-de-valvulas\/#breadcrumb","itemListElement":[{"@type":"ListItem","position":1,"name":"Portada","item":"https:\/\/www.herramientastoriano.com.ar\/web\/"},{"@type":"ListItem","position":2,"name":"Herramientas para Rectificaci\u00f3n","item":"https:\/\/www.herramientastoriano.com.ar\/web\/herramientas-para-rectificacion\/"},{"@type":"ListItem","position":3,"name":"Torno para Rectificaci\u00f3n de V\u00e1lvulas"}]},{"@type":"WebSite","@id":"https:\/\/www.herramientastoriano.com.ar\/web\/#website","url":"https:\/\/www.herramientastoriano.com.ar\/web\/","name":"Herramientas Toriano","description":"","potentialAction":[{"@type":"SearchAction","target":{"@type":"EntryPoint","urlTemplate":"https:\/\/www.herramientastoriano.com.ar\/web\/?s={search_term_string}"},"query-input":"required name=search_term_string"}],"inLanguage":"es"}]}},"_links":{"self":[{"href":"https:\/\/www.herramientastoriano.com.ar\/web\/wp-json\/wp\/v2\/pages\/579","targetHints":{"allow":["GET"]}}],"collection":[{"href":"https:\/\/www.herramientastoriano.com.ar\/web\/wp-json\/wp\/v2\/pages"}],"about":[{"href":"https:\/\/www.herramientastoriano.com.ar\/web\/wp-json\/wp\/v2\/types\/page"}],"author":[{"embeddable":true,"href":"https:\/\/www.herramientastoriano.com.ar\/web\/wp-json\/wp\/v2\/users\/1"}],"replies":[{"embeddable":true,"href":"https:\/\/www.herramientastoriano.com.ar\/web\/wp-json\/wp\/v2\/comments?post=579"}],"version-history":[{"count":15,"href":"https:\/\/www.herramientastoriano.com.ar\/web\/wp-json\/wp\/v2\/pages\/579\/revisions"}],"predecessor-version":[{"id":1026,"href":"https:\/\/www.herramientastoriano.com.ar\/web\/wp-json\/wp\/v2\/pages\/579\/revisions\/1026"}],"up":[{"embeddable":true,"href":"https:\/\/www.herramientastoriano.com.ar\/web\/wp-json\/wp\/v2\/pages\/164"}],"wp:attachment":[{"href":"https:\/\/www.herramientastoriano.com.ar\/web\/wp-json\/wp\/v2\/media?parent=579"}],"curies":[{"name":"wp","href":"https:\/\/api.w.org\/{rel}","templated":true}]}}